are the prime factors of 102720?
2, 3, 5, 107
What are the prime factors of 325?
5, 13
List the prime factors of 15743.
7, 13, 173
List the prime factors of 28666.
2, 11, 1303
What are the prime factors of 2053?
2053
List the prime factors of 6375.
3, 5, 17
List the prime factors of 3281.
17, 193
What are the prime factors of 5886?
2, 3, 109
List the prime factors of 5402.
2, 37, 73
List the prime factors of 72909.
3, 8101
List the prime factors of 8486.
2, 4243
What are the prime factors of 17201?
103, 167
List the prime factors of 45774.
2, 3, 2543
What are the prime factors of 1253?
7, 179
What are the prime factors of 3189?
3, 1063
What are the prime factors of 7850?
2, 5, 157
List the prime factors of 4714.
2, 2357
What are the prime factors of 2248?
2, 281
What are the prime factors of 846?
2, 3, 47
What are the prime factors of 82994?
2, 17, 2441
What are the prime factors of 13411?
13411
What are the prime factors of 92568?
2, 3, 7, 19, 29
List the prime factors of 398.
2, 199
List the prime factors of 18961.
67, 283
List the prime factors of 1785.
3, 5, 7, 17
List the prime factors of 64556.
2, 16139
What are the prime factors of 921?
3, 307
List the prime factors of 129743.
23, 5641
List the prime factors of 536.
2, 67
What are the prime factors of 9896?
2, 1237
What are the prime factors of 1132?
2, 283
List the prime factors of 46295.
5, 47, 197
What are the prime factors of 277?
277
What are the prime factors of 37962?
2, 3, 19, 37
What are the prime factors of 8840?
2, 5, 13, 17
What are the prime factors of 41335?
5, 7, 1181
What are the prime factors of 2334?
2, 3, 389
What are the prime factors of 2901?
3, 967
What are the prime factors of 17767?
109, 163
List the prime factors of 14669.
14669
What are the prime factors of 9857?
9857
List the prime factors of 92495.
5, 13, 1423
What are the prime factors of 1265?
5, 11, 23
What are the prime factors of 21790?
2, 5, 2179
What are the prime factors of 172193?
7, 17, 1447
List the prime factors of 262.
2, 131
List the prime factors of 46612.
2, 43, 271
List the prime factors of 58180.
2, 5, 2909
What are the prime factors of 5738?
2, 19, 151
What are the prime factors of 1371?
3, 457
What are the prime factors of 4196?
2, 1049
What are the prime factors of 6604?
2, 13, 127
What are the prime factors of 233?
233
What are the prime factors of 23894?
2, 13, 919
List the prime factors of 8075.
5, 17, 19
What are the prime factors of 1079?
13, 83
What are the prime factors of 3887?
13, 23
List the prime factors of 29958.
2, 3, 4993
What are the prime factors of 1915?
5, 383
List the prime factors of 2491.
47, 53
What are the prime factors of 2437?
2437
List the prime factors of 38671.
38671
What are the prime factors of 15450?
2, 3, 5, 103
List the prime factors of 1414.
2, 7, 101
What are the prime factors of 1295?
5, 7, 37
What are the prime factors of 7880?
2, 5, 197
List the prime factors of 12732.
2, 3, 1061
What are the prime factors of 10380?
2, 3, 5, 173
List the prime factors of 443.
443
List the prime factors of 11710.
2, 5, 1171
List the prime factors of 1898.
2, 13, 73
List the prime factors of 12890.
2, 5, 1289
What are the prime factors of 1236?
2, 3, 103
What are the prime factors of 1047?
3, 349
List the prime factors of 1835.
5, 367
What are the prime factors of 5951?
11, 541
What are the prime factors of 4?
2
List the prime factors of 38798.
2, 19, 1021
List the prime factors of 16601.
13, 1277
List the prime factors of 12536.
2, 1567
What are the prime factors of 4372?
2, 1093
What are the prime factors of 18403?
7, 11, 239
What are the prime factors of 1167?
3, 389
List the prime factors of 48.
2, 3
List the prime factors of 11480.
2, 5, 7, 41
List the prime factors of 1123.
1123
List the prime factors of 3116.
2, 19, 41
List the prime factors of 1021.
1021
List the prime factors of 4024.
2, 503
What are the prime factors of 9340?
2, 5, 467
List the prime factors of 4412.
2, 1103
What are the prime factors of 15816?
2, 3, 659
List the prime factors of 2899.
13, 223
List the prime factors of 2206.
2, 1103
List the prime factors of 9356.
2, 2339
List the prime factors of 5405.
5, 23, 47
List the prime factors of 34429.
34429
List the prime factors of 1069.
1069
What are the prime factors of 6565?
5, 13, 101
List the prime factors of 473.
11, 43
What are the prime factors of 47972?
2, 67, 179
What are the prime factors of 12422?
2, 6211
What are the prime factors of 980?
2, 5, 7
List the prime factors of 1606.
2, 11, 73
List the prime factors of 5378.
2, 2689
List the prime factors of 1283.
1283
What are the prime factors of 3661?
7, 523
What are the prime factors of 86415?
3, 5, 7, 823
List the prime factors of 666.
2, 3, 37
List the prime factors of 27680.
2, 5, 173
List the prime factors of 5661.
3, 17, 37
List the prime factors of 15681.
3, 5227
List the prime factors of 59973.
3, 19991
What are the prime factors of 8999?
8999
What are the prime factors of 1123?
1123
List the prime factors of 1851.
3, 617
List the prime factors of 2906.
2, 1453
What are the prime factors of 27?
3
List the prime factors of 101061.
3, 19, 197
What are the prime factors of 86892?
2, 3, 13, 557
List the prime factors of 270.
2, 3, 5
List the prime factors of 2337.
3, 19, 41
List the prime factors of 14858.
2, 17, 19, 23
List the prime factors of 12650.
2, 5, 11, 23
List the prime factors of 8278.
2, 4139
What are the prime factors of 763?
7, 109
List the prime factors of 2002.
2, 7, 11, 13
What are the prime factors of 7875?
3, 5, 7
List the prime factors of 938.
2, 7, 67
List the prime factors of 83732.
2, 11, 173
List the prime factors of 94604.
2, 67, 353
What are the prime factors of 29280?
2, 3, 5, 61
List the prime factors of 102694.
2, 51347
What are the prime factors of 81320?
2, 5, 19, 107
List the prime factors of 4700.
2, 5, 47
List the prime factors of 31.
31
What are the prime factors of 6707?
19, 353
List the prime factors of 5946.
2, 3, 991
What are the prime factors of 29595?
3, 5, 1973
What are the prime factors of 2491?
47, 53
What are the prime factors of 74502?
2, 3, 4139
What are the prime factors of 1731?
3, 577
What are the prime factors of 43327?
37, 1171
What are the prime factors of 7559?
7559
List the prime factors of 80424.
2, 3, 1117
What are the prime factors of 19871?
31, 641
List the prime factors of 16935.
3, 5, 1129
What are the prime factors of 16159?
11, 13, 113
List the prime factors of 978.
2, 3, 163
What are the prime factors of 5724?
2, 3, 53
List the prime factors of 10059.
3, 7, 479
What are the prime factors of 12987?
3, 13, 37
List the prime factors of 42370.
2, 5, 19, 223
List the prime factors of 60271.
60271
List the prime factors of 23517.
3, 13, 67
What are the prime factors of 1196?
2, 13, 23
List the prime factors of 10448.
2, 653
What are the prime factors of 112?
2, 7
List the prime factors of 20882.
2, 53, 197
What are the prime factors of 1222?
2, 13, 47
What are the prime factors of 10045?
5, 7, 41
What are the prime factors of 107548?
2, 7, 23, 167
List the prime factors of 2844.
2, 3, 79
List the prime factors of 7894.
2, 3947
List the prime factors of 554.
2, 277
What are the prime factors of 6294?
2, 3, 1049
List the prime factors of 2298.
2, 3, 383
What are the prime factors of 410?
2, 5, 41
What are the prime factors of 1788?
2, 3, 149
List the prime factors of 517.
11, 47
What are the prime factors of 6203?
6203
List the prime factors of 21769.
11, 1979
List the prime factors of 5777.
53, 109
What are the prime factors of 65907?
3, 2441
List the prime factors of 3820.
2, 5, 191
List the prime factors of 143062.
2, 233, 307
List the prime factors of 1434.
2, 3, 239
List the prime factors of 1150.
2, 5, 23
List the prime factors of 30333.
3, 10111
List the prime factors of 14397.
3, 4799
List the prime factors of 7892.
2, 1973
List the prime factors of 7089.
3, 17, 139
List the prime factors of 2735.
5, 547
List the prime factors of 1633.
23, 71
List the prime factors of 54563.
54563
List the prime factors of 1536.
2, 3
List the prime factors of 18957.
3, 71, 89
List the prime factors of 747.
3, 83
List the prime factors of 93672.
2, 3, 1301
What are the prime factors of 205?
5, 41
List the prime factors of 41516.
2, 97